2*m**2 + 11*m - 7. Let j be u(-8). Let o = j - -7. Calculate the remainder when o is divided by 14.
12
Let j be -1 + (-5)/((-10)/84). Let u = 6 + j. What is the remainder when u is divided by 12?
11
Let k(c) = -4*c + 10. Calculate the remainder when k(-8) is divided by 11.
9
Let y(d) = d**2 - 2*d - 7. Let u be y(5). Suppose u = -3*c + 77. What is the remainder when 89 is divided by c?
20
Suppose g + 3*g - 8 = 0. Suppose 173 = 5*d - g*f - 105, 5*d = 3*f + 277. What is the remainder when d is divided by 19?
18
Let h(p) = 6*p - 1. Calculate the remainder when 2 + 456/15 - 16/40 is divided by h(2).
10
Let v = 5 - -1. Suppose 4 = 2*q - v. What is the remainder when q is divided by 2?
1
Suppose 6 = 2*i - 5*h, -5*h = -0*h - 20. What is the remainder when i is divided by 8?
5
Let b = -14 - -3. Calculate the remainder when 4/6 + (-31)/(-3) is divided by (-204)/(-33) - (-2)/b.
5
Let a = -4 - -14. Calculate the remainder when 37 is divided by a.
7
Let d(o) = -o**2 + o - 2. Let i be d(-2). Suppose 108 + 44 = 8*c. Let n = c + i. What is the remainder when 43 is divided by n?
10
Let l(t) = 15*t - 6. Calculate the remainder when l(3) is divided by 10.
9
Let j = 63 - 40. Let f = 42 - -47. Calculate the remainder when f is divided by j.
20
Suppose -15 - 65 = -4*z. Let w(t) = t + 11. Let r = 3 + -3. What is the remainder when z is divided by w(r)?
9
Let z(r) = -r**3 - 3*r**2 - r - 1. Let t be (0 + 0)/(10/10). Suppose 2*a + t = 4. Calculate the remainder when z(-3) is divided by a.
0
Let q = -125 + 129. Suppose -3*z = 2*z - 15. What is the remainder when q is divided by z?
1
Let y = -12 - -25. Let k = 18 - y. Suppose 2*b - k*p - 8 - 7 = 0, 2*b + p = 9. What is the remainder when 17 is divided by b?
2
Suppose 0 = -4*u - 2*p + 142, -4*u = 3*p - 93 - 48. Calculate the remainder when 69 is divided by u.
33
Suppose 3*k = -6, 4*x - 18 = -3*k + 4*k. Suppose 0 = x*r - 0*r - 20. What is the remainder when 19 is divided by r?
4
Let v(j) = j**3 - 4*j**2 + 6*j + 1. Let y be (-2)/(-3) - 140/(-6). Let z = -15 + y. What is the remainder when v(4) is divided by z?
7
Suppose 5*w - 85 = -v, 3*v - 372 = -v - 4*w. Let u = -53 + v. Suppose 0*y - i + 49 = 2*y, 2*y - 29 = 3*i. Calculate the remainder when u is divided by y.
20
Let g(t) = 2*t**2 + 2*t + 1. Suppose -3*l - k = 3 - 1, l + 3*k + 14 = 0. Calculate the remainder when g(-1) is divided by l.
0
Let z(d) = 16*d**2 - d + 6. What is the remainder when z(-2) is divided by 19?
15
Let r = 36 + -32. Suppose -d + 30 = d. What is the remainder when d is divided by r?
3
Suppose 0*k - 3*j = -3*k + 15, 3*j = 6. Calculate the remainder when 25 is divided by k.
4
Let t = 34 - 21. Calculate the remainder when 25 is divided by t.
12
Let k = -3 + -1. What is the remainder when k/(-6) - (-201)/9 is divided by 13?
10
Calculate the remainder when 38 is divided by -1 + 15 - (14 - 13).
12
Suppose -23 = -5*g - 2*i, -5*i = -0*g + g. Suppose 0 = g*x + 5*j - 85, -5*j + 13 + 7 = 0. Calculate the remainder when 23 is divided by x.
10
Suppose -5*x + 4*x + 28 = 0. What is the remainder when 138 is divided by x?
26
Suppose -2*l = -8*w + 6*w - 300, 3*l = -w + 450. Calculate the remainder when l is divided by 22.
18
Suppose -3*z + 79 = -2. Calculate the remainder when z is divided by 7.
6
Suppose 0 = v + 2 - 16. What is the remainder when 54 is divided by v?
12
Let f = 17 - -11. What is the remainder when f is divided by 11?
6
Let w(n) = n**2 - n - 2. Let i be w(3). Calculate the remainder when 28 + (i - 2)/(-2) is divided by ((-5)/(-3) - 2)*-21.
6
Let x be 91/21 - 2/6. Suppose 5*p = 5*d - 55, 10 = x*d + 5*p - 43. What is the remainder when 35 is divided by d?
11
Suppose 4*z = -0*z + 12. What is the remainder when 5 is divided by z?
2
Calculate the remainder when 68 is divided by (-7)/3*2*-3.
12
What is the remainder when 14 is divided by 42/8 - 1*6/24?
4
Suppose -40 = -m - 4*m. Suppose m = 5*g - 7. Suppose y - 6 = -g. What is the remainder when 8 is divided by y?
2
Let p(b) = b**3 - 3*b**2 + b - 1. Let x be p(2). Let v = 29 - 35. Let h = x - v. Calculate the remainder when 7 is divided by h.
1
Suppose 2*f - 3*f = -9. Suppose 8 = b + t, b - f = t + 5. Calculate the remainder when b is divided by 3.
2
Suppose -5*v - b = -80, -3*b + 1 = -14. Calculate the remainder when 87 is divided by v.
12
What is the remainder when 5/((-26)/9 - -3) is divided by 12?
9
Suppose 4*w - 99 = k, 8*w - 4*w + 5*k = 81. Suppose w = 3*d + d. What is the remainder when 23 is divided by d?
5
Let y(v) = -v**3 + 2*v - 1. Let q be y(-2). Let s(z) = z + 3. Let h be s(q). Suppose -66 = -h*a + 3*a. What is the remainder when a is divided by 12?
10
Suppose 2*s - m - 53 = 4*m, -2*s - 2*m = -18. What is the remainder when 7*4 + -1 + -1 is divided by s?
12
Let y(c) be the first derivative of c**2/2 + 1. Suppose 0 = 2*l - 5*o - 11, 0 = -4*l + 2*o - 3*o + 11. What is the remainder when y(5) is divided by l?
2
Suppose -4*w = -15 - 5. Calculate the remainder when 1*18/2 - -4 is divided by w.
3
Let n(r) = r**3 + 2*r**2 + r + 9. Calculate the remainder when ((-34)/(-3))/((-2)/(-3)) is divided by n(0).
8
Let d = -16 + 17. Calculate the remainder when d is divided by 1.
0
Suppose -4*b + 7*o = 2*o - 140, 3*o = -12. What is the remainder when b is divided by 11?
8
Suppose 212 = 2*y + 74. Let b = 119 - y. What is the remainder when b is divided by 13?
11
Suppose x - 41 = -z, -4*x - 1 = -5*z + 204. What is the remainder when z is divided by 21?
20
Let s = 13 + 1. What is the remainder when s is divided by 5?
4
Let n be ((-4)/(-8))/(2/100). Let j = -19 + n. What is the remainder when j is divided by 4?
2
Let h be 1 - 6/4*-6. Suppose -2*j + h + 42 = 0. Calculate the remainder when j is divided by 14.
12
Suppose 4*a = 823 - 255. Suppose -2*v - 48 = -a. Let z = v - 20. Calculate the remainder when z is divided by 15.
12
Calculate the remainder when 35 is divided by ((-1)/2)/(4/(-152)).
16
Suppose 3*w = -c + 32, 2*c + 2*c = -w + 7. Let a(x) = x**3 - 7*x**2 + 6*x - 10. Let b be 2 + -1 + 4 - -2. Calculate the remainder when a(b) is divided by w.
10
Let q be (-1 - -2) + 56 - 3. Let p = 75 - q. Calculate the remainder when p is divided by 11.
10
What is the remainder when 27*(4 - 1)*25/15 is divided by 23?
20
Let m be 0/2 + 8/2. Suppose m*c + 12 = 0, -4*c - 180 = -3*g + c. Let a = g + -39. What is the remainder when a is divided by 6?
4
Let g(t) = -3*t**3 + 4*t + 1. Calculate the remainder when g(-3) is divided by (-15 - -3)*(-3)/2.
16
Suppose 67 - 10 = 3*p. Calculate the remainder when p is divided by 5.
4
Let g = 25 - -2. What is the remainder when g is divided by 14?
13
Let w(d) = d**2 + 5*d + 7. Calculate the remainder when 25 is divided by w(-5).
4
Let x = 0 - 0. Calculate the remainder when 1/(-4) + (-394)/(-8) is divided by x + 3/((-6)/(-34)).
15
Suppose -234 = -3*c - 0. Calculate the remainder when c is divided by 27.
24
Suppose 5*v - 50 = 40. Let i = v + -11. Let h(b) = b**2 - 3*b. What is the remainder when h(6) is divided by i?
4
Let j(q) = q**3 - q**2 + 2. Let z be j(0). Let k = 52 - 10. Suppose -k = -5*i - z. Calculate the remainder when 30 is divided by i.
6
Let u = 41 + -26. Suppose -5*m - u = 0, -3*i + 2*m = m - 63. What is the remainder when 39 is divided by i?
19
Let t(i) = -i**2 - i + 19. Let v(n) = n**3 - 9*n**2 - 11*n + 10. Let o be v(10). Calculate the remainder when 36 is divided by t(o).
17
Let i be 5*(0 + 18/(-15)). Let j = i + 11. Suppose 2*b = 5*v + 7 - 0, 46 = j*b - 3*v. Calculate the remainder when 32 is divided by b.
10
Let i(f) = 3*f. Suppose -d = -4, 4*u - 3*d = 2 + 6. Suppose -1 = 5*s - 4*v - 86, 0 = -5*s + u*v + 85. What is the remainder when s is divided by i(3)?
8
Suppose -10 - 46 = -5*s - 2*q, 4*q = -8. Let n = s + -4. Let x(c) = c**2 - 4*c - 7. What is the remainder when x(7) is divided by n?
6
Suppose -5*g - 7 = -h + 3*h, -2*g = -3*h - 1. Let v(n) = -49*n**3 - n - 1. What is the remainder when v(h) is divided by 13?
10
Suppose 2*p + 0 = 2. Let h(g) = -g + 20. What is the remainder when 63 + -1 + -1 + p is divided by h(4)?
14
Let v = -46 + 93. Let a = -29 + v. Calculate the remainder when a is divided by 5.
3
Suppose 2*t = 3*u - 0*u + 7, -u = 2*t + 5. Let h = 3 + t. What is the remainder when (1 - 3)/(7 - 8) is divided by h?
0
Suppose n + 3 = 26. Calculate the remainder when